{"id":314,"date":"2026-01-05T09:50:06","date_gmt":"2026-01-05T08:50:06","guid":{"rendered":"https:\/\/chaufbois.eu\/?page_id=314"},"modified":"2026-01-05T10:07:32","modified_gmt":"2026-01-05T09:07:32","slug":"poele-plat-ricanto-10-kw","status":"publish","type":"page","link":"https:\/\/chaufbois.eu\/index.php\/poele-plat-ricanto-10-kw\/","title":{"rendered":"Po\u00eale PLAT RICANTO 10\u00a0kw"},"content":{"rendered":"\t\t<div data-elementor-type=\"wp-page\" data-elementor-id=\"314\" class=\"elementor elementor-314\" data-elementor-post-type=\"page\">\n\t\t\t\t<div class=\"elementor-element elementor-element-966fb83 e-flex e-con-boxed e-con e-parent\" data-id=\"966fb83\" data-element_type=\"container\">\n\t\t\t\t\t<div class=\"e-con-inner\">\n\t\t\t\t<div class=\"elementor-element elementor-element-f70080d elementor-widget elementor-widget-button\" data-id=\"f70080d\" data-element_type=\"widget\" data-widget_type=\"button.default\">\n\t\t\t\t<div class=\"elementor-widget-container\">\n\t\t\t\t\t\t\t\t\t<div class=\"elementor-button-wrapper\">\n\t\t\t\t\t<a class=\"elementor-button elementor-button-link elementor-size-sm\" href=\"https:\/\/chaufbois.eu\/index.php\/produits-etna\/\">\n\t\t\t\t\t\t<span class=\"elementor-button-content-wrapper\">\n\t\t\t\t\t\t<span class=\"elementor-button-icon\">\n\t\t\t\t<svg aria-hidden=\"true\" class=\"e-font-icon-svg e-fas-arrow-left\" viewBox=\"0 0 448 512\" xmlns=\"http:\/\/www.w3.org\/2000\/svg\"><path d=\"M257.5 445.1l-22.2 22.2c-9.4 9.4-24.6 9.4-33.9 0L7 273c-9.4-9.4-9.4-24.6 0-33.9L201.4 44.7c9.4-9.4 24.6-9.4 33.9 0l22.2 22.2c9.5 9.5 9.3 25-.4 34.3L136.6 216H424c13.3 0 24 10.7 24 24v32c0 13.3-10.7 24-24 24H136.6l120.5 114.8c9.8 9.3 10 24.8.4 34.3z\"><\/path><\/svg>\t\t\t<\/span>\n\t\t\t\t\t\t\t\t\t<span class=\"elementor-button-text\">Retour aux produits ETNA<\/span>\n\t\t\t\t\t<\/span>\n\t\t\t\t\t<\/a>\n\t\t\t\t<\/div>\n\t\t\t\t\t\t\t\t<\/div>\n\t\t\t\t<\/div>\n\t\t\t\t\t<\/div>\n\t\t\t\t<\/div>\n\t\t<div class=\"elementor-element elementor-element-fec1677 e-flex e-con-boxed e-con e-parent\" data-id=\"fec1677\" data-element_type=\"container\">\n\t\t\t\t\t<div class=\"e-con-inner\">\n\t\t<div class=\"elementor-element elementor-element-6d32fc4 e-con-full e-flex e-con e-child\" data-id=\"6d32fc4\" data-element_type=\"container\" data-settings=\"{&quot;sticky&quot;:&quot;top&quot;,&quot;sticky_on&quot;:[&quot;desktop&quot;,&quot;tablet&quot;],&quot;sticky_offset&quot;:50,&quot;sticky_parent&quot;:&quot;yes&quot;,&quot;sticky_effects_offset&quot;:0,&quot;sticky_anchor_link_offset&quot;:0}\">\n\t\t\t\t<div class=\"elementor-element elementor-element-13a8e90 elementor-widget elementor-widget-heading\" data-id=\"13a8e90\" data-element_type=\"widget\" data-widget_type=\"heading.default\">\n\t\t\t\t<div class=\"elementor-widget-container\">\n\t\t\t\t\t<h2 class=\"elementor-heading-title elementor-size-default\">Po\u00eale PLAT RICANTO 10\u00a0kw<\/h2>\t\t\t\t<\/div>\n\t\t\t\t<\/div>\n\t\t\t\t<div class=\"elementor-element elementor-element-0aa90ee elementor-widget elementor-widget-gallery\" data-id=\"0aa90ee\" data-element_type=\"widget\" data-settings=\"{&quot;columns&quot;:2,&quot;gap&quot;:{&quot;unit&quot;:&quot;px&quot;,&quot;size&quot;:0,&quot;sizes&quot;:[]},&quot;aspect_ratio&quot;:&quot;1:1&quot;,&quot;lazyload&quot;:&quot;yes&quot;,&quot;gallery_layout&quot;:&quot;grid&quot;,&quot;columns_tablet&quot;:2,&quot;columns_mobile&quot;:1,&quot;gap_tablet&quot;:{&quot;unit&quot;:&quot;px&quot;,&quot;size&quot;:10,&quot;sizes&quot;:[]},&quot;gap_mobile&quot;:{&quot;unit&quot;:&quot;px&quot;,&quot;size&quot;:10,&quot;sizes&quot;:[]},&quot;link_to&quot;:&quot;file&quot;,&quot;content_hover_animation&quot;:&quot;fade-in&quot;}\" data-widget_type=\"gallery.default\">\n\t\t\t\t<div class=\"elementor-widget-container\">\n\t\t\t\t\t\t\t<div class=\"elementor-gallery__container\">\n\t\t\t\t\t\t\t<a class=\"e-gallery-item elementor-gallery-item elementor-animated-content\" href=\"https:\/\/chaufbois.eu\/wp-content\/uploads\/2025\/12\/poele-a-granules-canalisable-ricanto-noir-etna.png\" data-elementor-open-lightbox=\"yes\" data-elementor-lightbox-slideshow=\"0aa90ee\" data-elementor-lightbox-title=\"poele-a-granules-canalisable-ricanto-noir-etna\" data-e-action-hash=\"#elementor-action%3Aaction%3Dlightbox%26settings%3DeyJpZCI6MjYwLCJ1cmwiOiJodHRwczpcL1wvY2hhdWZib2lzLmV1XC93cC1jb250ZW50XC91cGxvYWRzXC8yMDI1XC8xMlwvcG9lbGUtYS1ncmFudWxlcy1jYW5hbGlzYWJsZS1yaWNhbnRvLW5vaXItZXRuYS5wbmciLCJzbGlkZXNob3ciOiIwYWE5MGVlIn0%3D\">\n\t\t\t\t\t<div class=\"e-gallery-image elementor-gallery-item__image\" data-thumbnail=\"https:\/\/chaufbois.eu\/wp-content\/uploads\/2025\/12\/poele-a-granules-canalisable-ricanto-noir-etna.png\" data-width=\"650\" data-height=\"650\" aria-label=\"\" role=\"img\" ><\/div>\n\t\t\t\t\t\t\t\t\t\t\t\t\t\t<\/a>\n\t\t\t\t\t\t\t<a class=\"e-gallery-item elementor-gallery-item elementor-animated-content\" href=\"https:\/\/chaufbois.eu\/wp-content\/uploads\/2025\/12\/poele-a-granules-canalisable-ricanto-blanc-etna.png\" data-elementor-open-lightbox=\"yes\" data-elementor-lightbox-slideshow=\"0aa90ee\" data-elementor-lightbox-title=\"poele-a-granules-canalisable-ricanto-blanc-etna\" data-e-action-hash=\"#elementor-action%3Aaction%3Dlightbox%26settings%3DeyJpZCI6MjU3LCJ1cmwiOiJodHRwczpcL1wvY2hhdWZib2lzLmV1XC93cC1jb250ZW50XC91cGxvYWRzXC8yMDI1XC8xMlwvcG9lbGUtYS1ncmFudWxlcy1jYW5hbGlzYWJsZS1yaWNhbnRvLWJsYW5jLWV0bmEucG5nIiwic2xpZGVzaG93IjoiMGFhOTBlZSJ9\">\n\t\t\t\t\t<div class=\"e-gallery-image elementor-gallery-item__image\" data-thumbnail=\"https:\/\/chaufbois.eu\/wp-content\/uploads\/2025\/12\/poele-a-granules-canalisable-ricanto-blanc-etna.png\" data-width=\"650\" data-height=\"650\" aria-label=\"\" role=\"img\" ><\/div>\n\t\t\t\t\t\t\t\t\t\t\t\t\t\t<\/a>\n\t\t\t\t\t\t\t<a class=\"e-gallery-item elementor-gallery-item elementor-animated-content\" href=\"https:\/\/chaufbois.eu\/wp-content\/uploads\/2025\/12\/poele-a-granules-canalisable-ricanto-rouge-etna.png\" data-elementor-open-lightbox=\"yes\" data-elementor-lightbox-slideshow=\"0aa90ee\" data-elementor-lightbox-title=\"poele-a-granules-canalisable-ricanto-rouge-etna\" data-e-action-hash=\"#elementor-action%3Aaction%3Dlightbox%26settings%3DeyJpZCI6MjU4LCJ1cmwiOiJodHRwczpcL1wvY2hhdWZib2lzLmV1XC93cC1jb250ZW50XC91cGxvYWRzXC8yMDI1XC8xMlwvcG9lbGUtYS1ncmFudWxlcy1jYW5hbGlzYWJsZS1yaWNhbnRvLXJvdWdlLWV0bmEucG5nIiwic2xpZGVzaG93IjoiMGFhOTBlZSJ9\">\n\t\t\t\t\t<div class=\"e-gallery-image elementor-gallery-item__image\" data-thumbnail=\"https:\/\/chaufbois.eu\/wp-content\/uploads\/2025\/12\/poele-a-granules-canalisable-ricanto-rouge-etna.png\" data-width=\"650\" data-height=\"650\" aria-label=\"\" role=\"img\" ><\/div>\n\t\t\t\t\t\t\t\t\t\t\t\t\t\t<\/a>\n\t\t\t\t\t<\/div>\n\t\t\t\t\t<\/div>\n\t\t\t\t<\/div>\n\t\t\t\t<\/div>\n\t\t<div class=\"elementor-element elementor-element-89f38f2 e-con-full e-flex e-con e-child\" data-id=\"89f38f2\" data-element_type=\"container\">\n\t\t<div class=\"elementor-element elementor-element-d238e0a e-con-full e-flex e-con e-child\" data-id=\"d238e0a\" data-element_type=\"container\">\n\t\t\t\t<div class=\"elementor-element elementor-element-6e8b4e6 elementor-widget elementor-widget-heading\" data-id=\"6e8b4e6\" data-element_type=\"widget\" data-widget_type=\"heading.default\">\n\t\t\t\t<div class=\"elementor-widget-container\">\n\t\t\t\t\t<h3 class=\"elementor-heading-title elementor-size-default\">Description<\/h3>\t\t\t\t<\/div>\n\t\t\t\t<\/div>\n\t\t\t\t<div class=\"elementor-element elementor-element-32a7971 elementor-widget elementor-widget-text-editor\" data-id=\"32a7971\" data-element_type=\"widget\" data-widget_type=\"text-editor.default\">\n\t\t\t\t<div class=\"elementor-widget-container\">\n\t\t\t\t\t\t\t\t\t<p>Gr\u00e2ce \u00e0 ses 2 sorties canalisables et son ventilateur int\u00e9gr\u00e9, le po\u00eale Ricanto chauffe avec efficacit\u00e9 plusieurs pi\u00e8ces de votre habitation. Son haut rendement de 96% et son syst\u00e8me de programmation, font de lui un appareil \u00e9conomique et autonome. Pens\u00e9 pour un fonctionnement plus silencieux, il est dot\u00e9 d\u2019un cendrier extractible notamment plus facile \u00e0 nettoyer.<\/p><p>Le po\u00eale Ricanto, l\u2019id\u00e9al pour gagner un maximum de place et chauffer un maximum de pi\u00e8ces.<\/p><h3>Les + du po\u00eale \u00e0 pellets canalisable Ricanto Etna :<\/h3><ul><li>Cendrier extractible, ce qui facilite son nettoyage<\/li><li>2 options pour l\u2019\u00e9vacuation des fum\u00e9es<\/li><li>Pose du po\u00eale proche d\u2019un mur ou dans un angle possible<\/li><\/ul>\t\t\t\t\t\t\t\t<\/div>\n\t\t\t\t<\/div>\n\t\t\t\t<\/div>\n\t\t<div class=\"elementor-element elementor-element-c3df753 e-con-full e-flex e-con e-child\" data-id=\"c3df753\" data-element_type=\"container\">\n\t\t\t\t<div class=\"elementor-element elementor-element-f941ba1 elementor-widget elementor-widget-heading\" data-id=\"f941ba1\" data-element_type=\"widget\" data-widget_type=\"heading.default\">\n\t\t\t\t<div class=\"elementor-widget-container\">\n\t\t\t\t\t<h3 class=\"elementor-heading-title elementor-size-default\">Caract\u00e9ristiques<\/h3>\t\t\t\t<\/div>\n\t\t\t\t<\/div>\n\t\t\t\t<div class=\"elementor-element elementor-element-1702105 elementor-widget elementor-widget-text-editor\" data-id=\"1702105\" data-element_type=\"widget\" data-widget_type=\"text-editor.default\">\n\t\t\t\t<div class=\"elementor-widget-container\">\n\t\t\t\t\t\t\t\t\t<ul><li>Rendement : 95,93%<\/li><li>Autonomie : 16 heures<\/li><li>R\u00e9servoir \u00e0 granul\u00e9s : 10 kg<\/li><li>Volume de chauffe : 225 m3<\/li><li>Sortie des fum\u00e9es : arri\u00e8re ou dessus<\/li><li>Diam\u00e8tre de sortie des fum\u00e9es : 80 mm<\/li><li>Consommation de granul\u00e9s : 0,62 kg par heure<\/li><li>Dimensions : H93 x L93,3 x P25,9 cm<\/li><li>Poids : 79 kg<\/li><li>Garantie : 2 ans<\/li><\/ul>\t\t\t\t\t\t\t\t<\/div>\n\t\t\t\t<\/div>\n\t\t\t\t<\/div>\n\t\t\t\t<\/div>\n\t\t\t\t\t<\/div>\n\t\t\t\t<\/div>\n\t\t\t\t<\/div>\n\t\t","protected":false},"excerpt":{"rendered":"<p>Retour aux produits ETNA Po\u00eale PLAT RICANTO 10\u00a0kw Description Gr\u00e2ce \u00e0 ses 2 sorties canalisables et son ventilateur int\u00e9gr\u00e9, le po\u00eale Ricanto chauffe avec efficacit\u00e9 plusieurs pi\u00e8ces de votre habitation. Son haut rendement de 96% et son syst\u00e8me de programmation, font de lui un appareil \u00e9conomique et autonome. Pens\u00e9 pour un fonctionnement plus silencieux, il [&hellip;]<\/p>\n","protected":false},"author":1,"featured_media":260,"parent":0,"menu_order":0,"comment_status":"closed","ping_status":"closed","template":"","meta":{"footnotes":""},"class_list":["post-314","page","type-page","status-publish","has-post-thumbnail","hentry"],"_links":{"self":[{"href":"https:\/\/chaufbois.eu\/index.php\/wp-json\/wp\/v2\/pages\/314","targetHints":{"allow":["GET"]}}],"collection":[{"href":"https:\/\/chaufbois.eu\/index.php\/wp-json\/wp\/v2\/pages"}],"about":[{"href":"https:\/\/chaufbois.eu\/index.php\/wp-json\/wp\/v2\/types\/page"}],"author":[{"embeddable":true,"href":"https:\/\/chaufbois.eu\/index.php\/wp-json\/wp\/v2\/users\/1"}],"replies":[{"embeddable":true,"href":"https:\/\/chaufbois.eu\/index.php\/wp-json\/wp\/v2\/comments?post=314"}],"version-history":[{"count":10,"href":"https:\/\/chaufbois.eu\/index.php\/wp-json\/wp\/v2\/pages\/314\/revisions"}],"predecessor-version":[{"id":351,"href":"https:\/\/chaufbois.eu\/index.php\/wp-json\/wp\/v2\/pages\/314\/revisions\/351"}],"wp:featuredmedia":[{"embeddable":true,"href":"https:\/\/chaufbois.eu\/index.php\/wp-json\/wp\/v2\/media\/260"}],"wp:attachment":[{"href":"https:\/\/chaufbois.eu\/index.php\/wp-json\/wp\/v2\/media?parent=314"}],"curies":[{"name":"wp","href":"https:\/\/api.w.org\/{rel}","templated":true}]}}